5*p + 855. What are the prime factors of l?
2, 83
Let d(u) = u**2 - u + 107. Let s be d(0). Let v = s + -50. List the prime factors of v.
3, 19
Let i(p) = 130*p**2 + 10*p - 20. What are the prime factors of i(-4)?
2, 5, 101
Let p(x) = 3*x**2 - 11*x + 1. Let a(n) = 8*n**2 - 32*n + 3. Let o(c) = -4*a(c) + 11*p(c). List the prime factors of o(-15).
7, 17
Let i(k) = -2*k**2 + 25*k + 26. Let q(x) = x**2 - 25*x - 25. Let s(t) = 2*i(t) + 3*q(t). List the prime factors of s(-13).
7, 19
Let d = 474 + -789. Let x = 527 + d. What are the prime factors of x?
2, 53
Let t = -27 + 25. Let m(a) = 13*a**2 - 4. What are the prime factors of m(t)?
2, 3
Let f(b) = 3*b**3 - 11*b**2 - 10*b + 47. Let s(w) = -4*w**3 + 11*w**2 + 10*w - 48. Let x(d) = 3*f(d) + 2*s(d). What are the prime factors of x(13)?
11, 23
Let s = 30 + -25. Suppose -2*y + 3*y + 464 = s*t, 5*t = -2*y + 467. Suppose 76 = 2*r - 3*l, -5*l = -3*r + 23 + t. List the prime factors of r.
2
Suppose -4*v = -16 + 36. Let z be (1 + v)/((-1)/(-1)). What are the prime factors of z*(-1)/4*4?
2
Let p(m) = -2*m**2 - 1. Let r be p(-3). Let w = -16 - r. Suppose -80 - 82 = -w*y. What are the prime factors of y?
2, 3
Suppose 3*q = 3*g - q - 1190, -1994 = -5*g - 4*q. What are the prime factors of g?
2, 199
Suppose 6*h + 25*u = 23*u + 11400, 2*u - 9501 = -5*h. List the prime factors of h.
3, 211
Suppose 63*c - 3241 = -r + 59*c, -2*c = 5*r - 16187. What are the prime factors of r?
3, 13, 83
Let k = 7 + -5. Let t be (-12)/(-8) + 23/k. List the prime factors of 4*3/12*t.
13
Suppose 0 = 9*g - 4*g - 120. Let u be 0 - (1 + 0) - (3 - 4). Suppose -3*v + 2*v + g = u. List the prime factors of v.
2, 3
Suppose 2*s - s + 49 = t, 0 = -2*t + 5*s + 104. Suppose u = -2*p + 108, -p + t = 7*u - 3*u. List the prime factors of p.
5, 11
Let i(p) = -209*p - 80. List the prime factors of i(-6).
2, 587
Let q = -18 + 133. Suppose 5*p + 0*p + 4*u = 596, 5*u - q = -p. What are the prime factors of p?
2, 3, 5
Let n(k) be the second derivative of -6*k + 0 - 2/3*k**3 - 6*k**2. What are the prime factors of n(-8)?
2, 5
Let k(d) = 2*d**2 + 11*d - 18. List the prime factors of k(-21).
3, 211
Let g = -727 + 393. What are the prime factors of g/(-8) - 7/(-28)?
2, 3, 7
Let g = -847 + 881. List the prime factors of g.
2, 17
Suppose -2*o = -o. Suppose 0 = -72*m + 90*m - 36. Suppose 5*q + 3*x = 126, o = -m*q + 2*x - x + 46. List the prime factors of q.
2, 3
Let s(t) = 3*t - 10. Let o be s(8). Suppose 0 = 3*f + 3*a + 15, -3*f + 8 = -5*a + 23. Let b = o + f. List the prime factors of b.
3
Suppose 148 = 4*l + f - 69, -3*l + f = -154. Suppose -3*g + 170 = l. List the prime factors of g.
3, 13
Let v = -26 - 5. Let w = v + 74. List the prime factors of w.
43
Suppose -2*q + 8 + 0 = 0. Suppose -3*r - 2*o = -71, q*r + 0*o - o - 91 = 0. List the prime factors of r.
23
Suppose 2*o - 2 = -3*u + 3, -5*o + 15 = 5*u. Suppose o*r + r = 55. What are the prime factors of r?
11
Let b(u) = -u**3 + 11*u**2 - 1. Let i be (1 - 4/2)*-11. Let p be b(i). List the prime factors of (2 - p)*(-5)/(-3).
5
Let w be (-42)/(-9) - 4/6. Suppose 10*d - 18 = 4*d. Suppose 5*v = d*s - 100, -6*v - 130 = -w*s - v. List the prime factors of s.
2, 3, 5
Let k = -6 - -4. Let b = k - -2. List the prime factors of 1 - (-12 - 1 - b).
2, 7
Let n = -464 - -854. Suppose -3*b + n = 2*b. What are the prime factors of b?
2, 3, 13
Let h = 1302 - -3474. What are the prime factors of h?
2, 3, 199
Let r(u) = -u**2 + 32*u - 15. Suppose -10*j + 118 = -132. List the prime factors of r(j).
2, 5
Let i(p) = 2*p + 3. Let m be i(2). Suppose g - m = -4*v, 0 = v + 5*g + 7 - 4. Let u = 8 + v. What are the prime factors of u?
2, 5
Let a(g) = -g**2 + 7*g - 10. Let m be a(9). Let v = m + 37. Suppose -v*s + 5*s = -184. List the prime factors of s.
2, 23
Let g be 6 - (-7)/7 - (-4)/(-2). Let q(u) = 2*u - 5. What are the prime factors of q(g)?
5
Suppose -2*u + 8*u + 12 = 0. Let j be 123/u - 10/(-20). Let b = -38 - j. What are the prime factors of b?
23
Suppose -2700 = -6*j + 150. What are the prime factors of j?
5, 19
Let b = -4 - -1. Let i be 16/(-6)*(-90)/b. List the prime factors of (-32)/i - 193/(-5).
3, 13
Suppose 2*p + 3*p + 25 = 0. What are the prime factors of (-4 - (-480)/25)*p/(-2)?
2, 19
Let q be -3 - ((-2 - 1) + 0). Suppose 4*s - 3*h + 28 = 357, -5*s + 3*h + 409 = q. List the prime factors of s.
2, 5
Suppose -p - 3*y - 12 = -58, 87 = 2*p + y. Let j = p + -9. What are the prime factors of j?
2, 17
Suppose x - 37 = -35. Suppose x*u - v = 657, -v - v = -u + 324. List the prime factors of u.
2, 3, 5, 11
Let w = 5897 + -2437. What are the prime factors of w?
2, 5, 173
Suppose 171 = -351*g + 352*g. List the prime factors of g.
3, 19
What are the prime factors of (-1)/(-5) - (-11781)/45?
2, 131
Suppose -442 = -v - v. Let d = -150 + v. List the prime factors of d.
71
Let a = -3129 + 4731. What are the prime factors of a?
2, 3, 89
Suppose -s + 2 = 1. Suppose 4 = -2*y, 5*y - 2*y = -p - 4. Suppose 5*l + m = 49, s + 1 = -p*m. List the prime factors of l.
2, 5
Suppose 0*d = d. Let n = 5 + d. Suppose n*g - 3*t - 47 = 0, -5*t = 4*g + g - 15. What are the prime factors of g?
7
Suppose 6 = 3*j - 0*j. Suppose 19 + 5 = -j*i. What are the prime factors of 2/i + 278/12?
23
Suppose -3*n - 133 + 716 = 2*l, -4*n + 778 = 3*l. What are the prime factors of n?
193
What are the prime factors of 137001/24 + 3/(-8)?
2, 1427
Suppose -3054 = 14*a - 11*a. What are the prime factors of (-6)/(-16) - a/16?
2
Let k be -15*(2/(-3))/2. Let u(n) = -2*n - 9 + k*n + 8*n. List the prime factors of u(4).
5, 7
Suppose 3*k + s + 20 = 0, 2*k - 15 = k + 4*s. Let o be (6/k)/((-8)/20). Suppose 2*y + o*y - 100 = 0. What are the prime factors of y?
2, 5
Let h(f) be the second derivative of -1/12*f**4 + 0*f**3 + 0 - 4*f + 4*f**2. What are the prime factors of h(0)?
2
Suppose 9717 = 3*z + 3*h, -4*z + 12962 = 23*h - 21*h. What are the prime factors of z?
2, 1621
Suppose -r = -3*u + 101, 4*r = -r - 25. Suppose x + 5*a + u = -x, 0 = -x - 3*a - 17. Let d(s) = s**2 + 10*s + 9. List the prime factors of d(x).
2, 5
Suppose -27*s - q = -28*s + 71, s - 2*q = 69. List the prime factors of s.
73
List the prime factors of -181*(5/(-6) + 12/(-72)).
181
What are the prime factors of (-4 - ((-48)/9 - -2))*-1317?
2, 439
Let n(s) = 45*s - 228. What are the prime factors of n(22)?
2, 3, 127
Let i(b) = b**2 - 8*b - 4. Let f be i(10). Let v(o) = -f*o**2 - 26 - 2 - o**3 + 6 + 12*o. What are the prime factors of v(-17)?
3, 7
Let u(j) = -j. Let k be u(-3). Suppose -k*l - l - 272 = 0. Let w = l + 122. What are the prime factors of w?
2, 3
Suppose -4*q = -2*q - 8. Suppose 0 = -5*n + h - 40, 5*n - q*h + 40 = -h. Let j = n + 30. What are the prime factors of j?
2, 11
Let r = 302 - 210. Suppose -r = 16*q - 18*q. What are the prime factors of q?
2, 23
Let x(b) = 6*b**3 - 16*b**2 + 27*b - 4. What are the prime factors of x(6)?
2, 439
List the prime factors of (-25)/(225/13086)*6/(-4).
3, 727
Let n = 8 - 12. Suppose -p + 0 = -1. What are the prime factors of p + n*3/(-6)?
3
Let w be ((-34)/51)/(1/126). Let h = w - -131. What are the prime factors of h?
47
Let i be 144/14 - 12/42. Let a be (-40)/(-25)*i/4. Suppose -2*s = -a*s + 5*h + 9, 2*s + 5*h - 19 = 0. What are the prime factors of s?
7
Suppose 5*s = -3*h + h - 5, s + 1 = -5*h. What are the prime factors of 2/(8/(-12)) + (s - -110)?
2, 53
What are the prime factors of (-18)/24 - 4382/(-8)?
547
Let l = -61 - -23. Suppose x = -x - 6. What are the prime factors of x + 1 + l/(-2)?
17
Suppose -b + 2*b - 11 = 0. Let q = b - 9. What are the prime factors of q?
2
Suppose 12*w - 688 = 8*w. Let h = w - 67. List the prime factors of h.
3, 5, 7
Let j = -1 - -7. Suppose 5*p - 3*f = -9, 4*p - 6*p - 2*f + j = 0. Suppose p = -y - 3*n - n + 26, 4*y = -5*n + 93. List the prime factors of y.
2, 11
List the prime factors of 27 + 720/(-27) + (-18023)/(-3).
2, 751
Let b be -2*(3 - (-6)/(-8)*-2). List the prime factors of (b/(-2))/(9/120).
2, 3, 5
Let k = -675 + 994. List the prime factors of k.
11, 29
Suppose 5*p + 30 = 5. Let k(n) = n - 1. Let q(u) = -12*u + 4. Let d(o) = 5*k(o) + q(o). List the prime factors of d(p).
2, 17
Suppose -12*f = -2112 - 1608. Suppose -i - 44 = -f. What are the prime factors of i?
2, 7, 19
Suppose 0*a = 5*a. Suppose h + 2 - 3 = a. What are t